
-7
What is the value of (289 + -311 - (1 + 0)) + 25?
2
(-20 - -19 - (-89 + 5)) + -19
64
What is the value of -58 + (35 - (15 + -21))?
-17
What is (4 + 13 - -10) + -42 + 23?
8
Evaluate 6 + -25 + (-5 - -3) - (41 + -47).
-15
What is the value of -112 + 92 + -45 - -34?
-31
Calculate -23 - -16 - (-16 - (-13 - 0) - 24).
20
12 - (62 + -78 + (5 - (-3 + -35)))
-15
What is the value of -70 + (-57 - (-44 - 37))?
-46
148 + -159 - (-13 - -27)
-25
102 - (-19 + (-12 - -58))
75
-4 - (-3 + 2 + 53 - (-2 - (-3 - 5)))
-50
Calculate 34 + 11 + -32 + 13.
26
Evaluate 196 - 193 - (4 + 9 - -23).
-33
Calculate 48 + -3 + -2 + 5 + -2 + 0 + -3.
43
What is -29 + 13 + 15 + -20 + 0 + 10 - 9?
-20
Calculate -129 + (-54 - -151) + (1 - -10).
-21
Calculate -5 + (3 - (-13 + 1 + (10 - (6 + 43)))).
49
Evaluate (9 - -4) + (14 + -6 + 1 + 3 - 100).
-75
What is 0 + -14 - (6 - -7 - (-8 - -26))?
-9
Calculate (-2 + 0 - -4) + (-180 - -532) + -393.
-39
What is 22 + (9 - (-2 - -3)) + 2 + -23 + 38?
47
What is (11 + 39 - 32) + (4 - 0)?
22
9112 + -9103 - (42 - (0 - 4 - -3))
-34
-21 + 1 + -1 + (-52 - -217 - 48)
96
What is the value of -31 + (-16 - -15 - (1 + 5) - -14)?
-24
1 + 0 + 0 + -71 - -22
-48
Calculate -4 - -79 - (3 + (-41 - -23) + 23).
67
What is -51 + (29 - (23 + -2) - -3)?
-40
What is the value of 571 + -604 - (-10 - 1)?
-22
Calculate -9 + (152 - 144 - (4 + 1)) - (0 - -13).
-19
What is -9 - (-11 + (-6 + -4 - (-11 + 2))) - -7?
10
Evaluate 68 + (-49 - 167) - -80.
-68
What is (14 - 40) + 13 - (0 + -24)?
11
7 + (-5 + -6 + (4 - 9 - -12) - 37)
-34
What is -59 + -22 + -24 + 98?
-7
Evaluate -34 + 9 + (4 - (20 - 28 - (0 - 2))).
-15
What is -19 - (-62 + 40) - (3 + -10 - -6)?
4
Calculate -23 - (-23 + (-87 - -84)) - (81 + 0).
-78
Evaluate 19 - (-26 + 1 - (-314 + 317)).
47
Evaluate -11 + (-41 - -18 - -37) - -6.
9
-15 + 8 - -7 - (-9 + (-3 - 0))
12
What is the value of 27 + (43 - 32) + -52 + 0 + 108?
94
What is 33 - (-3 - -14 - 19 - (-12 + 10 - 5))?
34
2 + -20 - (10 + -18 - -18 - 19)
-9
64 + -26 - (-83 + 89)
32
78 + (-58 - 55) - -96
61
Calculate -134 + 2 - -6 - -30.
-96
Calculate 29 + -21 + -7 + 5 + 0 + 0 + -5.
1
2 - -9 - (3774 + -3796)
33
Calculate -24 + 26 + 3 + -7 + -9 - (-91 + -3).
83
Evaluate 42 + -1 + (-692 - -636).
-15
7 + -2 + 1 + 4 + 17 + (-21 - 5)
1
Calculate -58 + -1 + (-154 - (-85 - 80)).
-48
Calculate 36 + -110 + 32 - 16.
-58
(-42 - (11 + -1)) + -5 + (-6 - -6)
-57
Calculate 36 - (-4 - 10 - (47 + -31 + (-21 - -3))).
48
-26 - (-15 + -115 + 32 - -4)
68
Evaluate -14 - (12 + -78 - -97).
-45
What is 60 + 12 + (-1 - -7 - -1) + (160 - 161)?
78
What is the value of 107 - (38 + (22 - 1 - 55))?
103
What is the value of (4 - ((10 - 6) + 6)) + (-2 - -16) - -2?
10
Calculate 202 + -37 - (12 + (36 - 26)).
143
Calculate -4 - (11 - 14) - ((2 - -52) + -11).
-44
What is (-5 - 163) + 18 - -283?
133
2643 - 2623 - (0 + 6)
14
Calculate (1 + -15 + 29 - -6) + (1 - 2).
20
What is the value of -47 + 36 - (-33 + 8) - 26?
-12
Evaluate (24 - 15) + -2 - 72.
-65
Calculate 43 + (58 + -68 - (-7 - (2 + 0))).
42
Calculate 4 + -2 + -15 - ((-101 - 11) + 53).
46
What is (-15 + 25 - 4) + 0 + 7 - (15 - -34)?
-36
Calculate -14 + (-5 + 6 - (62 + -58)).
-17
What is the value of 2 + -1 + (34 - (3 - (0 - -17)))?
49
Calculate (-27 - 7) + (352 - 358).
-40
39 + (-21 - (31 + 33))
-46
Evaluate -41 - (-59 - -20) - (-112 - (2 + -4 + -5)).
103
Calculate -97 + 87 - (-39 + 5) - -9.
33
What is (6 - (26 - 5)) + (10 - (15 - -3))?
-23
Evaluate -14 - 9 - (132 + -240).
85
What is 590967 - 590910 - (6 + 0 + (-2 - -1))?
52
(56 - (-30 + 2 + 20 - -3)) + -19
42
-22 + -12 + (3 - -20) + 69
58
Calculate -6 + -1 + -1 + 3 - (10 - 37).
22
-64 + (29 - (-19 - -59))
-75
(11 + -2 - (-402 + 424)) + 25
12
94 + 198 - (20 - -130)
142
Evaluate -21 + 6 - ((128 - -33) + -58).
-118
What is -81 + 31 + 4 + -9 - 3?
-58
What is -15 + 80 + 20 + 10 - -38?
133
Calculate -20 - (17 + -47 + 16 - -4) - -78.
68
17 + -66 + 36 + -5 - (0 - 90)
72
What is the value of (-50 - (-15 + 22)) + -4 - -28?
-33
(-13 - (60 - 36) - -31) + 14 + 1 + 87
96
Calculate -364 - -315 - (-60 - 24).
35
Calculate -98 - ((-32 - -28) + -111).
17
Evaluate -77 - -99 - ((-5 - 0) + -15 + 16 + 8).
18
What is -9 + (1 - 0) - -2 - (3 - -13)?
-22
Evaluate 6 - (-27 - -177) - (-1 + -16).
-127
What is (1 - (57 + -27 - 91)) + -3?
59
Calculate (24 - 29) + -18 + 21 + (1 - 29).
-30
What is the value of 74 + (8 - 73) + (21 - (0 - 0))?
30
What is 22 - 97 - ((-9 - 11) + -3)?
-52
What is the value of -10 - (-5 - -4 - (18 - 4 - 1))?
4
What is the value of (16 - 22) + (-8 - -3) - -8 - 19?
-22
15 + (13 - 18) + 2 + -8 + 2 + 47
53
What is the value of -45 - ((-4 - -64) + -164)?
59
Evaluate (9 + -109 - -111) + (0 + 21 - -2).
34
Evaluate -5 - -1 - (42 + 14 + (-53 - -32)).
-39
-29 + 12 + -181 + 254
56
Evaluate (19 + 6 + -69 - -15) + -4.
-33
Calculate (3 - 8) + (16 - 14 - (91 - 3)).
-91
(14 + -50 - -20) + -2 + 60
42
What is 15 + -9 + (1 - 3) + -5 + 30?
29
What is the value of 54 + 30 + -119 + 68?
33
What is 1 - (-10 + 2 + 3 + 6 + 7 + -17)?
10
What is the value of -3 + -67 + -28 + 123 + -111?
-86
What is the value of 20 + -48 + (-4 - (5 + 16))?
-53
What is -156 + 94 + 23 + -21?
-60
Evaluate -3 - (-19 - (12 - 14) - 28).
42
1 + (2 - (-2 - -3)) + (-109 + 62 - -59)
14
91 + (58 - 83) - 99
-33
What is 19 + (20 - 78) - 1?
-40
What is the value of 54 + (-17 - 0 - 11) - 83?
-57
Evaluate -3 + 85 - (-179 + -50 + 209).
102
Calculate 1 - -12 - (8018 + -8011).
6
-50 - -28 - (-57 + 2 + 8)
25
-34 - 50 - -17 - (10 - 4)
-73
What is (-5 - (-54 + 65 + -9 + 0)) + (14 - -77)?
84
What is -23 - -1 - (-4 + 21 + (-7 - 14) + 2)?
-20
(-10 - -15 - 10) + 0 + 12 + 107 + -163
-49
Calculate (35 - (-47 + 94)) + 53.
41
-62 + 70 + -12 + (0 + -4 - -4) + -102
-106
4 - (17 - 14 - 11) - (0 + -42)
54
What is the value of (-28 - (-4 + 0 + 0)) + (154 - 166)?
-36
Calculate -47 + 22 + -56 + -11 + 11.
-81
What is the value of 5 + 27 - 18 - (13 - 2)?
3
Calculate 5 + (-3 + -28 - (-105 + 77)).
2
Evaluate -37 - (-3 + (-28 - (10 - 15))).
-11
Evaluate -43 + (-13 - 1 - -43).
-14
What is (332 - 39) + -103 - 161?
29
Evaluate 5108 + -5119 - (2 + -3 - 1 - (1 - -54)).
46
-40 + 14 + 11 - -22 - (1 + 26)
-20
58 - ((6 - -21) + 85)
-54
What is -22 + 20 + -17 + 17 + -16 - 100?
-118
Calculate 44 + (1 - (0 - -3) - (-19 - -25) - 1).
35
Calculate -1 - -2 - (-3 - -1 - (-106 + 94)) - 12.
-21
Calculate (-1 - -69) + 3 + -9 + (-4 - (-20 - -2)).
76
Evaluate -2 + -126 + (722 - 652).
-58
(127 - -29) + -169 + -129 + 1
-141
Calculate -1 - (38 + -1 + 7 + -141).
96
Calculate -40 + 0 - (-152 - (-107 + -105)).
-100
Evaluate 6 + (-12 - -8) + -48 - (25 + -8 + -11).
-52
Calculate (6 + -7 - (3 + -8 + 7)) + 2 - -64.
63
What is the value of 26 - (-12 - (-13 - (7 - 15)))?
33
What is 67 + (13 - 60) + 12?
32
Evaluate 85 + -56 - 74 - -15.
-30
What is 1991 + -1914 - (6 + -2 - (18 + 0))?
91
What is the value of (-36 + 38 - 44) + 77?
35
What is (8 - 25 - -49) + -33?
-1
What is (7 - 46) + (13 - -2) + -48 + 17?
-55
Evaluate 84 + -87 + (40 - -10).
47
What is 98 - (147 + -314 - -136)?
129
Evaluate 2 + (-5 - -7 - (-4 + 9 - -9)) + 47.
37
-28 + (-107 - -130 - 49)
-54
(-21 + -18 - -43) + (3 - -8 - 13)
2
What is 10 - (-57 - (10 - 16 - (4 + -1)) - -3)?
55
Evaluate (-2 - 10 - -125 - -19) + -34.
98
What is the value of 0 + 1 + (79 - (161 - 56))?
-25
6 + 21 + (26 + -13 - (-2 + 19))
23
Evaluate 160 + -116 + -9 + 16.
51
Calculate 18 - 2 - (78 - (-8 + (-1 - -2))).
-69
What is the value of (317 - 189) + -16 + (-15 - -9 - -15)?
121
Evaluate -34 - ((0 - 3) + (2 + -5 + 5 - 6)).
-27
44 + 2 - (-67 + (72 - 1))
42
Calculate 2 + -3 + (-9 - (-4 + -6)) + (60 - 2).
58
Calculate -89 + 73 + 141 + -70.
55
What is 5 + 62 - (6 + 20)?
41
What is the value of 1 + 3 + (-43 - (10 + -36)) - 71?
-84
Calculate -127 + 37 - (7 + -11 + -7).
-79
What is (-35 - -1) + (1148 - 1022) - 5?
87
What is the value of (6 + 13 - (10 - 2)) + (-22 + 40 - 26)?
3
Calculate (-1 - 7) + 133 + -18 + -3 + 6 + 9.
119
What is -271 + 285 + (-38 - 3)?
-27
Calculate -99 + 174 + -23 + -22.
30
Calculate 17 + 0 + -18 + 6 + -8 + 14 + 1.
12
(16 - (79 + 13 + -17)) + 0 + 12 + 12
-35
What is (-60 - -69) + -7 + (-2 - -10)?
10
11 + (-219 - -225 - (-3 + -3 + -4 + 1))
26
Calculate -140 + (-13 + 18 - 15 - -11) + 0 - -15.
-124
Calculate (17 + -33 - 59) + 41.
-34
What is 21 - (37 + -35) - 53?
-34
-54 - (-47 + 33 +